{"id":24,"date":"2020-10-29T13:14:45","date_gmt":"2020-10-29T12:14:45","guid":{"rendered":"https:\/\/www.locabike.be\/?page_id=24"},"modified":"2025-05-13T08:04:22","modified_gmt":"2025-05-13T06:04:22","slug":"contact","status":"publish","type":"page","link":"https:\/\/www.locabike.be\/index.php\/contact\/","title":{"rendered":"Contact"},"content":{"rendered":"<div class=\"alignnormal\"><div id=\"metaslider-id-111\" style=\"width: 100%;\" class=\"ml-slider-3-24-0 metaslider metaslider-flex metaslider-111 ml-slider nav-hidden\">\n    <div id=\"metaslider_container_111\">\n        <div id=\"metaslider_111\">\n            <ul aria-live=\"polite\" class=\"slides\">\n                <li style=\"display: block; width: 100%;\" class=\"slide-114 ms-image\"><img loading=\"lazy\" decoding=\"async\" src=\"https:\/\/www.locabike.be\/wp-content\/uploads\/2020\/11\/locabike_001-1417x472.jpg\" height=\"600\" width=\"1800\" alt=\"\" class=\"slider-111 slide-114\" title=\"locabike_001\" \/><\/li>\n            <\/ul>\n        <\/div>\n        \n    <\/div>\n<\/div><\/div><p><\/p><h3 class=\"has-text-align-center has-text-color wp-block-heading\" style=\"color:#169dd6\">Contactez-nous<\/h3><p><\/p><div class=\"wp-block-columns is-layout-flex wp-container-core-columns-is-layout-9d6595d7 wp-block-columns-is-layout-flex\"><div class=\"wp-block-column is-layout-flow wp-block-column-is-layout-flow\" style=\"flex-basis:25%\"><\/div>\n\n<div class=\"wp-block-column is-layout-flow wp-block-column-is-layout-flow\" style=\"flex-basis:80%\"><div class=\"wp-block-columns is-layout-flex wp-container-core-columns-is-layout-9d6595d7 wp-block-columns-is-layout-flex\"><div class=\"wp-block-column is-layout-flow wp-block-column-is-layout-flow\"><p class=\"has-text-color\" style=\"font-size:18px;color:#0e3b4d\">Une question avant votre d\u00e9part ?<br>Une information ?<br><br>Les Boucats  92 &#8211; 6890 Redu (Libin)<br>+32 470\/12 90 82<br><a type=\"mailto\" id=\"mailto:info@locabike.be\" href=\"mailto:info@locabike.be\">info@locabike.be<br><\/a>Ouvert de 09h00 \u00e0 18h00<\/p><\/div>\n\n<div class=\"wp-block-column is-layout-flow wp-block-column-is-layout-flow\"><figure class=\"wp-block-table is-style-regular\"><table><tbody><tr><td><div class=\"wpforms-container wpforms-container-full\" id=\"wpforms-116\"><form id=\"wpforms-form-116\" class=\"wpforms-validate wpforms-form\" data-formid=\"116\" method=\"post\" enctype=\"multipart\/form-data\" action=\"\/index.php\/wp-json\/wp\/v2\/pages\/24\" data-token=\"6f923617d951508bfebb45e4b0661ca3\"><noscript class=\"wpforms-error-noscript\">Veuillez activer JavaScript dans votre navigateur pour remplir ce formulaire.<\/noscript><div class=\"wpforms-field-container\"><div id=\"wpforms-116-field_0-container\" class=\"wpforms-field wpforms-field-name\" data-field-id=\"0\"><label class=\"wpforms-field-label\" for=\"wpforms-116-field_0\">Nom <span class=\"wpforms-required-label\">*<\/span><\/label><div class=\"wpforms-field-row wpforms-field-large\"><div class=\"wpforms-field-row-block wpforms-first wpforms-one-half\"><input type=\"text\" id=\"wpforms-116-field_0\" class=\"wpforms-field-name-first wpforms-field-required\" name=\"wpforms[fields][0][first]\" required><label for=\"wpforms-116-field_0\" class=\"wpforms-field-sublabel after \">Pr\u00e9nom<\/label><\/div><div class=\"wpforms-field-row-block wpforms-one-half\"><input type=\"text\" id=\"wpforms-116-field_0-last\" class=\"wpforms-field-name-last wpforms-field-required\" name=\"wpforms[fields][0][last]\" required><label for=\"wpforms-116-field_0-last\" class=\"wpforms-field-sublabel after \">Nom<\/label><\/div><\/div><\/div><div id=\"wpforms-116-field_1-container\" class=\"wpforms-field wpforms-field-email\" data-field-id=\"1\"><label class=\"wpforms-field-label\" for=\"wpforms-116-field_1\">E-mail <span class=\"wpforms-required-label\">*<\/span><\/label><input type=\"email\" id=\"wpforms-116-field_1\" class=\"wpforms-field-large wpforms-field-required\" name=\"wpforms[fields][1]\" required><\/div><div id=\"wpforms-116-field_2-container\" class=\"wpforms-field wpforms-field-textarea\" data-field-id=\"2\"><label class=\"wpforms-field-label\" for=\"wpforms-116-field_2\">Commentaire ou message <span class=\"wpforms-required-label\">*<\/span><\/label><textarea id=\"wpforms-116-field_2\" class=\"wpforms-field-large wpforms-field-required\" name=\"wpforms[fields][2]\" required><\/textarea><\/div><\/div><div class=\"wpforms-submit-container\" ><input type=\"hidden\" name=\"wpforms[id]\" value=\"116\"><input type=\"hidden\" name=\"wpforms[author]\" value=\"1\"><button type=\"submit\" name=\"wpforms[submit]\" class=\"wpforms-submit \" id=\"wpforms-submit-116\" value=\"wpforms-submit\" aria-live=\"assertive\" data-alt-text=\"Envoi...\" data-submit-text=\"Envoyer\">Envoyer<\/button><\/div><\/form><\/div>  <!-- .wpforms-container --><\/td><\/tr><\/tbody><\/table><\/figure><\/div><\/div><\/div>\n\n<div class=\"wp-block-column is-layout-flow wp-block-column-is-layout-flow\" style=\"flex-basis:25%\"><\/div><\/div><iframe src=\"https:\/\/www.google.com\/maps\/embed?pb=!1m18!1m12!1m3!1d1524.5308384219536!2d5.166026567182716!3d50.01238544291177!2m3!1f0!2f0!3f0!3m2!1i1024!2i768!4f13.1!3m3!1m2!1s0x47c1d3d951b2b0b5%3A0xa6695e6b96a7572c!2sLes%20Boucats%2092%2C%206890%20Libin!5e0!3m2!1sfr!2sbe!4v1746686327085!5m2!1sfr!2sbe\" width=\"100%\" height=\"400\" style=\"border:0;\" allowfullscreen=\"\" loading=\"lazy\" referrerpolicy=\"no-referrer-when-downgrade\"><\/iframe>","protected":false},"excerpt":{"rendered":"<p>Contactez-nous Une question avant votre d\u00e9part ?Une information ? Les Boucats 92 &#8211; 6890 Redu (Libin)+32 470\/12 90 82info@locabike.beOuvert de 09h00 \u00e0 18h00<\/p>\n","protected":false},"author":1,"featured_media":0,"parent":0,"menu_order":0,"comment_status":"closed","ping_status":"closed","template":"","meta":{"footnotes":""},"class_list":["post-24","page","type-page","status-publish","hentry"],"yoast_head":"<!-- This site is optimized with the Yoast SEO plugin v15.3 - https:\/\/yoast.com\/wordpress\/plugins\/seo\/ -->\n<title>Contact - Loca-Bike Ardennes<\/title>\n<meta name=\"description\" content=\"Centre de location de VTT \u00e9lectrique \u00e0 Libin.Pour vous permettre de d\u00e9couvrir les plus beaux endroits de nos for\u00eats ardennaises, diff\u00e9rents parcours vous sont propos\u00e9s; de la randonn\u00e9e en famille (avec si\u00e8ges enfants ou remorque 2 places) jusqu\u2019\u00e0 la randonn\u00e9e technique tr\u00e8s vallonn\u00e9e pour les plus exp\u00e9riment\u00e9s (avec ou sans guide), location de VTT \u00e9lectrique dans les ardennes belge\" \/>\n<meta name=\"robots\" content=\"index, follow, max-snippet:-1, max-image-preview:large, max-video-preview:-1\" \/>\n<link rel=\"canonical\" href=\"https:\/\/www.locabike.be\/index.php\/contact\/\" \/>\n<meta property=\"og:locale\" content=\"fr_FR\" \/>\n<meta property=\"og:type\" content=\"article\" \/>\n<meta property=\"og:title\" content=\"Contact - Loca-Bike Ardennes\" \/>\n<meta property=\"og:description\" content=\"Centre de location de VTT \u00e9lectrique \u00e0 Libin.Pour vous permettre de d\u00e9couvrir les plus beaux endroits de nos for\u00eats ardennaises, diff\u00e9rents parcours vous sont propos\u00e9s; de la randonn\u00e9e en famille (avec si\u00e8ges enfants ou remorque 2 places) jusqu\u2019\u00e0 la randonn\u00e9e technique tr\u00e8s vallonn\u00e9e pour les plus exp\u00e9riment\u00e9s (avec ou sans guide), location de VTT \u00e9lectrique dans les ardennes belge\" \/>\n<meta property=\"og:url\" content=\"https:\/\/www.locabike.be\/index.php\/contact\/\" \/>\n<meta property=\"og:site_name\" content=\"Loca-Bike Ardennes\" \/>\n<meta property=\"article:publisher\" content=\"https:\/\/www.facebook.com\/LOCA-BIKE-Ardennes-100123905242041\" \/>\n<meta property=\"article:modified_time\" content=\"2025-05-13T06:04:22+00:00\" \/>\n<meta name=\"twitter:card\" content=\"summary_large_image\" \/>\n<meta name=\"twitter:label1\" content=\"\u00c9crit par\">\n\t<meta name=\"twitter:data1\" content=\"matthieu\">\n\t<meta name=\"twitter:label2\" content=\"Dur\u00e9e de lecture est.\">\n\t<meta name=\"twitter:data2\" content=\"0 minute\">\n<script type=\"application\/ld+json\" class=\"yoast-schema-graph\">{\"@context\":\"https:\/\/schema.org\",\"@graph\":[{\"@type\":\"Organization\",\"@id\":\"https:\/\/www.locabike.be\/#organization\",\"name\":\"Loca-Bike Ardennes\",\"url\":\"https:\/\/www.locabike.be\/\",\"sameAs\":[\"https:\/\/www.facebook.com\/LOCA-BIKE-Ardennes-100123905242041\"],\"logo\":{\"@type\":\"ImageObject\",\"@id\":\"https:\/\/www.locabike.be\/#logo\",\"inLanguage\":\"fr-FR\",\"url\":\"https:\/\/www.locabike.be\/wp-content\/uploads\/2020\/11\/Favicon_Locabike.jpg\",\"width\":512,\"height\":512,\"caption\":\"Loca-Bike Ardennes\"},\"image\":{\"@id\":\"https:\/\/www.locabike.be\/#logo\"}},{\"@type\":\"WebSite\",\"@id\":\"https:\/\/www.locabike.be\/#website\",\"url\":\"https:\/\/www.locabike.be\/\",\"name\":\"Loca-Bike Ardennes\",\"description\":\"\",\"publisher\":{\"@id\":\"https:\/\/www.locabike.be\/#organization\"},\"potentialAction\":[{\"@type\":\"SearchAction\",\"target\":\"https:\/\/www.locabike.be\/?s={search_term_string}\",\"query-input\":\"required name=search_term_string\"}],\"inLanguage\":\"fr-FR\"},{\"@type\":\"WebPage\",\"@id\":\"https:\/\/www.locabike.be\/index.php\/contact\/#webpage\",\"url\":\"https:\/\/www.locabike.be\/index.php\/contact\/\",\"name\":\"Contact - Loca-Bike Ardennes\",\"isPartOf\":{\"@id\":\"https:\/\/www.locabike.be\/#website\"},\"datePublished\":\"2020-10-29T12:14:45+00:00\",\"dateModified\":\"2025-05-13T06:04:22+00:00\",\"description\":\"Centre de location de VTT \\u00e9lectrique \\u00e0 Libin.Pour vous permettre de d\\u00e9couvrir les plus beaux endroits de nos for\\u00eats ardennaises, diff\\u00e9rents parcours vous sont propos\\u00e9s; de la randonn\\u00e9e en famille (avec si\\u00e8ges enfants ou remorque 2 places) jusqu\\u2019\\u00e0 la randonn\\u00e9e technique tr\\u00e8s vallonn\\u00e9e pour les plus exp\\u00e9riment\\u00e9s (avec ou sans guide), location de VTT \\u00e9lectrique dans les ardennes belge\",\"inLanguage\":\"fr-FR\",\"potentialAction\":[{\"@type\":\"ReadAction\",\"target\":[\"https:\/\/www.locabike.be\/index.php\/contact\/\"]}]}]}<\/script>\n<!-- \/ Yoast SEO plugin. -->","jetpack_sharing_enabled":true,"_links":{"self":[{"href":"https:\/\/www.locabike.be\/index.php\/wp-json\/wp\/v2\/pages\/24","targetHints":{"allow":["GET"]}}],"collection":[{"href":"https:\/\/www.locabike.be\/index.php\/wp-json\/wp\/v2\/pages"}],"about":[{"href":"https:\/\/www.locabike.be\/index.php\/wp-json\/wp\/v2\/types\/page"}],"author":[{"embeddable":true,"href":"https:\/\/www.locabike.be\/index.php\/wp-json\/wp\/v2\/users\/1"}],"replies":[{"embeddable":true,"href":"https:\/\/www.locabike.be\/index.php\/wp-json\/wp\/v2\/comments?post=24"}],"version-history":[{"count":25,"href":"https:\/\/www.locabike.be\/index.php\/wp-json\/wp\/v2\/pages\/24\/revisions"}],"predecessor-version":[{"id":1383,"href":"https:\/\/www.locabike.be\/index.php\/wp-json\/wp\/v2\/pages\/24\/revisions\/1383"}],"wp:attachment":[{"href":"https:\/\/www.locabike.be\/index.php\/wp-json\/wp\/v2\/media?parent=24"}],"curies":[{"name":"wp","href":"https:\/\/api.w.org\/{rel}","templated":true}]}}

<div class="alignnormal"><div id="metaslider-id-111" style="width: 100%;" class="ml-slider-3-24-0 metaslider metaslider-flex metaslider-111 ml-slider nav-hidden">
    <div id="metaslider_container_111">
        <div id="metaslider_111">
            <ul aria-live="polite" class="slides">
                <li style="display: block; width: 100%;" class="slide-114 ms-image"><img loading="lazy" decoding="async" src="https://www.locabike.be/wp-content/uploads/2020/11/locabike_001-1417x472.jpg" height="600" width="1800" alt="" class="slider-111 slide-114" title="locabike_001" /></li>
            </ul>
        </div>
        
    </div>
</div></div><p></p><h3 class="has-text-align-center has-text-color wp-block-heading" style="color:#169dd6">Contactez-nous</h3><p></p><div class="wp-block-columns is-layout-flex wp-container-core-columns-is-layout-9d6595d7 wp-block-columns-is-layout-flex"><div class="wp-block-column is-layout-flow wp-block-column-is-layout-flow" style="flex-basis:25%"></div>

<div class="wp-block-column is-layout-flow wp-block-column-is-layout-flow" style="flex-basis:80%"><div class="wp-block-columns is-layout-flex wp-container-core-columns-is-layout-9d6595d7 wp-block-columns-is-layout-flex"><div class="wp-block-column is-layout-flow wp-block-column-is-layout-flow"><p class="has-text-color" style="font-size:18px;color:#0e3b4d">Une question avant votre départ ?<br>Une information ?<br><br>Les Boucats  92 &#8211; 6890 Redu (Libin)<br>+32 470/12 90 82<br><a type="mailto" id="mailto:info@locabike.be" href="mailto:info@locabike.be">info@locabike.be<br></a>Ouvert de 09h00 à 18h00</p></div>

<div class="wp-block-column is-layout-flow wp-block-column-is-layout-flow"><figure class="wp-block-table is-style-regular"><table><tbody><tr><td><div class="wpforms-container wpforms-container-full" id="wpforms-116"><form id="wpforms-form-116" class="wpforms-validate wpforms-form" data-formid="116" method="post" enctype="multipart/form-data" action="/index.php/wp-json/wp/v2/pages/24" data-token="6f923617d951508bfebb45e4b0661ca3"><noscript class="wpforms-error-noscript">Veuillez activer JavaScript dans votre navigateur pour remplir ce formulaire.</noscript><div class="wpforms-field-container"><div id="wpforms-116-field_0-container" class="wpforms-field wpforms-field-name" data-field-id="0"><label class="wpforms-field-label" for="wpforms-116-field_0">Nom <span class="wpforms-required-label">*</span></label><div class="wpforms-field-row wpforms-field-large"><div class="wpforms-field-row-block wpforms-first wpforms-one-half"><input type="text" id="wpforms-116-field_0" class="wpforms-field-name-first wpforms-field-required" name="wpforms[fields][0][first]" required><label for="wpforms-116-field_0" class="wpforms-field-sublabel after ">Prénom</label></div><div class="wpforms-field-row-block wpforms-one-half"><input type="text" id="wpforms-116-field_0-last" class="wpforms-field-name-last wpforms-field-required" name="wpforms[fields][0][last]" required><label for="wpforms-116-field_0-last" class="wpforms-field-sublabel after ">Nom</label></div></div></div><div id="wpforms-116-field_1-container" class="wpforms-field wpforms-field-email" data-field-id="1"><label class="wpforms-field-label" for="wpforms-116-field_1">E-mail <span class="wpforms-required-label">*</span></label><input type="email" id="wpforms-116-field_1" class="wpforms-field-large wpforms-field-required" name="wpforms[fields][1]" required></div><div id="wpforms-116-field_2-container" class="wpforms-field wpforms-field-textarea" data-field-id="2"><label class="wpforms-field-label" for="wpforms-116-field_2">Commentaire ou message <span class="wpforms-required-label">*</span></label><textarea id="wpforms-116-field_2" class="wpforms-field-large wpforms-field-required" name="wpforms[fields][2]" required></textarea></div></div><div class="wpforms-submit-container" ><input type="hidden" name="wpforms[id]" value="116"><input type="hidden" name="wpforms[author]" value="1"><button type="submit" name="wpforms[submit]" class="wpforms-submit " id="wpforms-submit-116" value="wpforms-submit" aria-live="assertive" data-alt-text="Envoi..." data-submit-text="Envoyer">Envoyer</button></div></form></div>  <!-- .wpforms-container --></td></tr></tbody></table></figure></div></div></div>

<div class="wp-block-column is-layout-flow wp-block-column-is-layout-flow" style="flex-basis:25%"></div></div><iframe src="https://www.google.com/maps/embed?pb=!1m18!1m12!1m3!1d1524.5308384219536!2d5.166026567182716!3d50.01238544291177!2m3!1f0!2f0!3f0!3m2!1i1024!2i768!4f13.1!3m3!1m2!1s0x47c1d3d951b2b0b5%3A0xa6695e6b96a7572c!2sLes%20Boucats%2092%2C%206890%20Libin!5e0!3m2!1sfr!2sbe!4v1746686327085!5m2!1sfr!2sbe" width="100%" height="400" style="border:0;" allowfullscreen="" loading="lazy" referrerpolicy="no-referrer-when-downgrade"></iframe>

<p>Contactez-nous Une question avant votre départ ?Une information ? Les Boucats 92 &#8211; 6890 Redu (Libin)+32 470/12 90 82info@locabike.beOuvert de 09h00 à 18h00</p>

<!-- This site is optimized with the Yoast SEO plugin v15.3 - https://yoast.com/wordpress/plugins/seo/ -->
<title>Contact - Loca-Bike Ardennes</title>
<meta name="description" content="Centre de location de VTT électrique à Libin.Pour vous permettre de découvrir les plus beaux endroits de nos forêts ardennaises, différents parcours vous sont proposés; de la randonnée en famille (avec sièges enfants ou remorque 2 places) jusqu’à la randonnée technique très vallonnée pour les plus expérimentés (avec ou sans guide), location de VTT électrique dans les ardennes belge" />
<meta name="robots" content="index, follow, max-snippet:-1, max-image-preview:large, max-video-preview:-1" />
<link rel="canonical" href="https://www.locabike.be/index.php/contact/" />
<meta property="og:locale" content="fr_FR" />
<meta property="og:type" content="article" />
<meta property="og:title" content="Contact - Loca-Bike Ardennes" />
<meta property="og:description" content="Centre de location de VTT électrique à Libin.Pour vous permettre de découvrir les plus beaux endroits de nos forêts ardennaises, différents parcours vous sont proposés; de la randonnée en famille (avec sièges enfants ou remorque 2 places) jusqu’à la randonnée technique très vallonnée pour les plus expérimentés (avec ou sans guide), location de VTT électrique dans les ardennes belge" />
<meta property="og:url" content="https://www.locabike.be/index.php/contact/" />
<meta property="og:site_name" content="Loca-Bike Ardennes" />
<meta property="article:publisher" content="https://www.facebook.com/LOCA-BIKE-Ardennes-100123905242041" />
<meta property="article:modified_time" content="2025-05-13T06:04:22+00:00" />
<meta name="twitter:card" content="summary_large_image" />
<meta name="twitter:label1" content="Écrit par">
	<meta name="twitter:data1" content="matthieu">
	<meta name="twitter:label2" content="Durée de lecture est.">
	<meta name="twitter:data2" content="0 minute">
<script type="application/ld+json" class="yoast-schema-graph">{"@context":"https://schema.org","@graph":[{"@type":"Organization","@id":"https://www.locabike.be/#organization","name":"Loca-Bike Ardennes","url":"https://www.locabike.be/","sameAs":["https://www.facebook.com/LOCA-BIKE-Ardennes-100123905242041"],"logo":{"@type":"ImageObject","@id":"https://www.locabike.be/#logo","inLanguage":"fr-FR","url":"https://www.locabike.be/wp-content/uploads/2020/11/Favicon_Locabike.jpg","width":512,"height":512,"caption":"Loca-Bike Ardennes"},"image":{"@id":"https://www.locabike.be/#logo"}},{"@type":"WebSite","@id":"https://www.locabike.be/#website","url":"https://www.locabike.be/","name":"Loca-Bike Ardennes","description":"","publisher":{"@id":"https://www.locabike.be/#organization"},"potentialAction":[{"@type":"SearchAction","target":"https://www.locabike.be/?s={search_term_string}","query-input":"required name=search_term_string"}],"inLanguage":"fr-FR"},{"@type":"WebPage","@id":"https://www.locabike.be/index.php/contact/#webpage","url":"https://www.locabike.be/index.php/contact/","name":"Contact - Loca-Bike Ardennes","isPartOf":{"@id":"https://www.locabike.be/#website"},"datePublished":"2020-10-29T12:14:45+00:00","dateModified":"2025-05-13T06:04:22+00:00","description":"Centre de location de VTT \u00e9lectrique \u00e0 Libin.Pour vous permettre de d\u00e9couvrir les plus beaux endroits de nos for\u00eats ardennaises, diff\u00e9rents parcours vous sont propos\u00e9s; de la randonn\u00e9e en famille (avec si\u00e8ges enfants ou remorque 2 places) jusqu\u2019\u00e0 la randonn\u00e9e technique tr\u00e8s vallonn\u00e9e pour les plus exp\u00e9riment\u00e9s (avec ou sans guide), location de VTT \u00e9lectrique dans les ardennes belge","inLanguage":"fr-FR","potentialAction":[{"@type":"ReadAction","target":["https://www.locabike.be/index.php/contact/"]}]}]}</script>
<!-- / Yoast SEO plugin. -->
